) to base 6.
-14
Convert 503 (base 7) to base 4.
3320
What is -1110001 (base 2) in base 11?
-a3
Convert 1021 (base 4) to base 13.
58
What is -6 (base 13) in base 15?
-6
Convert 4 (base 12) to base 16.
4
b2 (base 14) to base 10
156
167 (base 15) to base 8
502
What is 22 (base 3) in base 16?
8
Convert -329 (base 10) to base 9.
-405
What is 22 (base 9) in base 11?
19
-5 (base 10) to base 16
-5
27 (base 11) to base 8
35
What is -4 (base 8) in base 6?
-4
100 (base 6) to base 14
28
-2211 (base 3) to base 9
-84
1 (base 9) to base 4
1
-234 (base 7) to base 15
-83
What is 0 (base 7) in base 8?
0
Convert 13 (base 6) to base 13.
9
-1 (base 5) to base 13
-1
-50 (base 6) to base 13
-24
Convert 16 (base 7) to base 16.
d
-10 (base 3) to base 6
-3
-4 (base 9) to base 10
-4
-15 (base 16) to base 15
-16
Convert -2 (base 16) to base 13.
-2
What is -1 (base 8) in base 2?
-1
Convert 3 (base 11) to base 4.
3
What is 42 (base 13) in base 11?
4a
What is -21 (base 3) in base 16?
-7
-42 (base 6) to base 9
-28
210 (base 4) to base 13
2a
What is -13 (base 5) in base 11?
-8
-1a5 (base 12) to base 3
-100222
4 (base 10) to base 8
4
-25 (base 7) to base 14
-15
Convert 37 (base 15) to base 11.
48
Convert -28 (base 9) to base 3.
-222
What is 19 (base 10) in base 7?
25
Convert -10 (base 4) to base 5.
-4
-1 (base 5) to base 7
-1
Convert 23 (base 8) to base 10.
19
What is 17 (base 10) in base 3?
122
Convert 1 (base 4) to base 2.
1
What is f (base 16) in base 15?
10
Convert 35 (base 9) to base 11.
2a
What is -281 (base 9) in base 2?
-11101011
Convert 160 (base 7) to base 14.
67
Convert 42 (base 6) to base 14.
1c
Convert -9 (base 14) to base 16.
-9
What is -20 (base 3) in base 10?
-6
-44 (base 11) to base 12
-40
-8 (base 15) to base 4
-20
What is 15 (base 14) in base 12?
17
-4 (base 8) to base 10
-4
What is 3c (base 13) in base 9?
56
What is 26 (base 15) in base 13?
2a
100 (base 4) to base 11
15
Convert 41 (base 8) to base 5.
113
What is 11 (base 15) in base 13?
13
Convert -1 (base 6) to base 16.
-1
What is c (base 15) in base 16?
c
Convert -43 (base 5) to base 14.
-19
Convert 195 (base 16) to base 5.
3110
What is 1 (base 8) in base 11?
1
9 (base 15) to base 12
9
-241 (base 5) to base 15
-4b
-3 (base 16) to base 7
-3
What is 11 (base 3) in base 16?
4
What is -3 (base 14) in base 6?
-3
182 (base 9) to base 4
2123
What is -d5 (base 14) in base 2?
-10111011
Convert b5 (base 14) to base 11.
135
What is -11 (base 2) in base 13?
-3
Convert 11 (base 7) to base 5.
13
Convert -100100 (base 2) to base 8.
-44
Convert -14 (base 13) to base 7.
-23
120 (base 3) to base 14
11
Convert 33 (base 4) to base 13.
12
-2a (base 15) to base 13
-31
4 (base 12) to base 15
4
Convert 14 (base 5) to base 14.
9
Convert 287 (base 9) to base 11.
1aa
What is 1 (base 14) in base 15?
1
Convert -12022 (base 3) to base 8.
-217
What is 110 (base 8) in base 7?
132
-74 (base 13) to base 7
-164
Convert -30 (base 7) to base 5.
-41
16 (base 16) to base 13
19
What is 113 (base 5) in base 9?
36
0 (base 5) to base 15
0
What is -5 (base 12) in base 14?
-5
100 (base 7) to base 16
31
1 (base 15) to base 2
1
Convert -151 (base 7) to base 5.
-320
What is 6 (base 7) in base 5?
11
-142 (base 8) to base 13
-77
What is -4 (base 13) in base 14?
-4
-63 (base 15) to base 7
-162
Convert -1110 (base 3) to base 10.
-39
-1c4 (base 15) to base 6
-1521
21 (base 4) to base 3
100
Convert -21 (base 8) to base 13.
-14
Convert -10022 (base 3) to base 8.
-131
What is 321 (base 5) in base 8?
126
What is -7 (base 11) in base 13?
-7
c8 (base 15) to base 7
356
Convert -11 (base 11) to base 3.
-110
5 (base 13) to base 14
5
-8 (base 12) to base 4
-20
What is -1 (base 16) in base 4?
-1
Convert -6d (base 16) to base 6.
-301
What is 175 (base 8) in base 13?
98
3 (base 6) to base 7
3
What is 7 (base 12) in base 8?
7
Convert e (base 16) to base 6.
22
What is 404 (base 7) in base 11?
172
Convert -13 (base 7) to base 14.
-a
-7 (base 11) to base 3
-21
-56 (base 14) to base 16
-4c
What is -101 (base 2) in base 14?
-5
-1 (base 12) to base 7
-1
Convert -41 (base 5) to base 6.
-33
What is -11 (base 2) in base 10?
-3
What is -3 (base 6) in base 5?
-3
Convert 20 (base 4) to base 10.
8
Convert -462 (base 9) to base 12.
-278
What is 3 (base 13) in base 2?
11
0 (base 4) to base 12
0
Convert 22 (base 4) to base 16.
a
-24 (base 12) to base 14
-20
Convert -12 (base 4) to base 14.
-6
What is 11 (base 12) in base 6?
21
What is 32 (base 12) in base 10?
38
100 (base 4) to base 10
16
Convert 230 (base 12) to base 15.
169
-13 (base 13) to base 8
-20
122 (base 8) to base 3
10001
What is -b (base 15) in base 4?
-23
6 (base 11) to base 10
6
What is 5 (base 6) in base 12?
5
What is -12 (base 7) in base 4?
-21
What is -1111 (base 2) in base 5?
-30
What is -1 (base 16) in base 3?
-1
-13a (base 16) to base 2
-100111010
4 (base 15) to base 3
11
6 (base 14) to base 11
6
Convert -28 (base 9) to base 13.
-20
Convert 0 (base 14) to base 12.
0
20 (base 13) to base 5
101
Convert -1 (base 2) to base 10.
-1
Convert -1 (base 16) to base 3.
-1
Convert 14 (base 11) to base 3.
120
What is 0 (base 14) in base 9?
0
1 (base 8) to base 5
1
What is -11 (base 3) in base 2?
-100
Convert -2 (base 5) to base 6.
-2
Convert 5 (base 14) to base 12.
5
What is -52 (base 13) in base 4?
-1003
What is -5 (base 12) in base 14?
-5
Convert -4 (base 9) to base 15.
-4
Convert 5 (base 15) to base 13.
5
101 (base 3) to base 12
a
-35 (base 9) to base 10
-32
-564 (base 7) to base 9
-353
What is -3020 (base 4) in base 14?
-104
Convert -2 (base 12) to base 4.
-2
What is -6 (base 11) in base 16?
-6
Convert -110 (base 2) to base 15.
-6
Convert -3 (base 8) to base 12.
-3
Convert 26 (base 8) to base 14.
18
Convert -21 (base 8) to base 6.
-25
Convert 4 (base 7) to base 13.
4
What is 3 (base 9) in base 15?
3
-235 (base 9) to base 16
-c2
What is 1 (base 11) in base 9?
1
4 (base 9) to base 5
4
What is -1 (base 16) in base 13?
-1
What is 101202 (base 3) in base 13?
194
Convert 5 (base 16) to base 8.
5
0 (base 9) to base 14
0
Convert 2 (base 12) to base 7.
2
Convert -12 (base 4) to base 2.
-110
1 (base 13) to base 6
1
Convert -51 (base 15) to base 10.
-76
Convert -11 (base 11) to base 10.
-12
Convert -9 (base 13) to base 8.
-11
What is -3 (base 16) in base 2?
-11
What is c (base 15) in base 7?
15
What is 115 (base 6) in base 16?
2f
-114 (base 11) to base 12
-b4
-101 (base 2) to base 16
-5
112 (base 4) to base 5
42
Convert -13 (base 8) to base 5.
-21
What is -52 (base 16) in base 2?
-1010010
-9 (base 15) to base 6
-13
What is 67 (base 13) in base 8?
125
Convert -aa (base 16) to base 8.
-252
Convert 331 (base 6) to base 7.
241
What is 3 (base 4) in base 10?
3
0 (base 12) to base 7
0
Convert 10 (base 3) to base 11.
3
12 (base 4) to base 3
20
100 (base 5) to base 3
221
What is -10 (base 7) in base 16?
-7
110 (base 7) to base 15
3b
What is 204 (base 5) in base 2?
110110
What is -4 (base 10) in base 12?
-4
4 (base 6) to base 13
4
2 (base 11) to base 16
2
Convert 148 (base 12) to base 2.
11001000
What is 3 (base 15) in base 6?
3
-9 (base 13) to base 7
-12
22 (base 4) to base 8
12
Convert -12 (base 8) to base 15.
-a
What is 1 (base 2) in base 9?
1
Convert 2 (base 13) to base 3.
2
What is 8 (base 10) in base 11?
8
Convert 20 (base 5) to base 12.
a
Convert 122 (base 4) to base 2.
11010
Convert 0 (base 3) to base 4.
0
What is 0 (base 11) in base 3?
0
-125 (base 12) to base 2
-10101101
20001 (base 3) to base 8
243
What is 44 (base 16) in base 8?
104
What is 1 (base 14) in base 10?
1
-1001 (base 3) to base 8
-34
Convert 125 (base 6) to base 16.
35
Convert -248 (base 9) to base 7.
-413
-4 (base 7) to base 11
-4
What is -260 (base 8) in base 2?
-10110000
Convert 2 (base 13) to base 12.
2
What is 4 (base 8) in base 5?
4
What is aa (base 13) in base 5?
1030
Convert -27 (base 11) to base 12.
-25
Convert 325 (base 8) to base 10.
213
Convert 110 (base 3) to base 4.
30
-18 (base 10) to base 2
-10010
Convert -17 (base 8) to base 4.
-33
Convert 120 (base 3) to base 7.
21
Convert 79 (base 10) to base 16.
4f
What is 0 (base 2) in base 8?
0
Convert -3 (base 9) to base 15.
-3
Convert 241 (base 7) to base 10.
127
Convert 500 (base 7) to base 12.
185
0 (base 11) to base 14
0
What is 0 (base 4) in base 3?
0
Convert -20 (base 10) to base 15.
-15
-320 (base 4) to b